2 + 42*k + 471. Calculate g(-10).
951
Let u(j) = 38*j + 952. Determine u(-25).
2
Let r(v) = v**3 + 9*v**2 - 65*v - 582. What is r(-9)?
3
Let i(j) = 2*j**2 - 439*j + 10247. What is i(193)?
18
Let g(h) = h**2 - 12*h + 38. Give g(5).
3
Let p(y) = -2*y**2 - 130*y + 13915. Calculate p(57).
7
Let a(m) = -2*m**2 + 175*m - 2230. Calculate a(72).
2
Let u(w) = -w**2 + 219*w + 7189. What is u(248)?
-3
Let h(b) = -5*b - 16. Calculate h(-2).
-6
Let q(v) = 6*v**3 - 53*v**2 + 198*v - 1260. Calculate q(8).
4
Let j(b) = -b**3 - 11*b**2 + 15*b - 10. What is j(-7)?
-311
Let c(z) = 2*z**3 - 45*z**2 - 24*z + 41. Give c(23).
18
Let r(y) = -5*y**3 - 42*y**2 - 49*y - 8. Give r(-7).
-8
Let f(v) = -385*v + 1129. What is f(3)?
-26
Let q(n) = -n**2 - 39*n + 273. Determine q(6).
3
Let x(m) = -441*m - 14117. What is x(-32)?
-5
Let n(t) = -t**3 - 46*t**2 + 206*t + 307. What is n(-50)?
7
Let b(s) = s**3 + 27*s**2 - 33*s - 126. Calculate b(-28).
14
Let p(d) = 217*d**3 - 4*d**2 - 3*d - 1. Determine p(-1).
-219
Let o(n) = 55*n + 500. Determine o(-10).
-50
Let u(k) = 64*k + 73. Give u(3).
265
Let d(b) = b**3 - 66*b**2 + 2*b - 171. Calculate d(66).
-39
Let u(j) = 522*j - 1569. Calculate u(3).
-3
Let y(p) = 2*p**3 - 5*p**2 - 8*p + 36. Determine y(4).
52
Let k(f) = -4731*f + 89885. Calculate k(19).
-4
Let h(m) = -125*m + 1092. What is h(8)?
92
Let n(f) = -381*f + 1908. What is n(5)?
3
Let v(a) = -a**3 + 21*a**2 - 37*a + 8. Determine v(19).
27
Let f(u) = 5*u**2 - 3*u - 9. Calculate f(3).
27
Let w(s) = -108*s + 1415. Determine w(13).
11
Let z(t) = -102*t + 916. What is z(9)?
-2
Let u(q) = -50*q - 1270. Calculate u(-25).
-20
Let c(f) = -f**3 - 2*f**2 - f - 159. Calculate c(0).
-159
Let p(i) = 9*i - 221. Calculate p(16).
-77
Let m(g) = -789*g**2 + 3958*g - 66. Determine m(5).
-1
Let t(z) = -z**2 + 1271*z + 3851. Determine t(-3).
29
Let l(f) = -45*f**2 + 27*f + 17. Determine l(1).
-1
Let x(o) = -o**3 + 9*o**2 - o + 15. What is x(8)?
71
Let k(x) = -10*x**2 + 25*x - 67. Determine k(3).
-82
Let c(a) = a**3 + 9*a**2 - 363*a - 3261. Give c(-9).
6
Let h(n) = n**3 + 9*n**2 - 6*n + 184. Determine h(-11).
8
Let y(i) = -i**3 + 4*i**2 + 19*i + 20. Calculate y(7).
6
Let k(r) = -r**3 + 21*r**2 - 28*r - 44. Determine k(19).
146
Let v(d) = 8*d**2 - 8*d - 8. Give v(4).
88
Let z(i) = -5*i**3 - 206*i**2 - 38*i + 125. Calculate z(-41).
2
Let j(w) = -8*w + 93. What is j(0)?
93
Let m(v) = 14*v + 12. Calculate m(-2).
-16
Let o(c) = -18*c - 1210. Calculate o(-85).
320
Let h(c) = 9*c**2 + 308*c + 43. Determine h(-34).
-25
Let m(p) = 197*p + 1183. Give m(-6).
1
Let w(o) = -2*o**3 + 7*o**2 - 119*o + 606. Calculate w(5).
-64
Let o(d) = 6*d**2 - 145*d + 287. Determine o(2).
21
Let k(f) = -10*f**2 + 3*f - 88. Calculate k(-7).
-599
Let k(v) = -23*v - 7263. What is k(-316)?
5
Let j(v) = -v**3 - 22*v**2 + 133*v - 8. Determine j(-27).
46
Let m(f) = -f**3 - 4*f**2 + 66*f + 52. Give m(-10).
-8
Let b(c) = -58*c + 715. Calculate b(13).
-39
Let s(h) = 1167*h**2 + 6999*h - 7. Give s(-6).
11
Let b(m) = -4*m**2 + 9*m + 5. Give b(-5).
-140
Let j(i) = 4*i**2 - 14*i - 38. What is j(15)?
652
Let f(q) = 65*q**2 + 5*q - 5. Calculate f(-3).
565
Let s(r) = 121*r - 3503. What is s(29)?
6
Let g(q) = 17*q**3 - 6*q**2 - 3*q + 2. Determine g(1).
10
Let m(x) = -2*x**3 - 11*x**2 - 36*x + 57. Calculate m(-6).
309
Let z(c) = -c**3 - 6*c**2 + 70*c - 23. Give z(-12).
1
Let i(h) = 3*h**3 - 59*h**2 + 258*h + 14. Give i(5).
204
Let c(s) = 77*s - 6491. Calculate c(84).
-23
Let d(x) = 47*x**2 - 9*x + 13. Determine d(2).
183
Let x(g) = 88*g + 10237. Determine x(-115).
117
Let s(b) = 7*b**2 + 699*b - 1502. Determine s(-102).
28
Let m(z) = 181*z**2 + 2170*z + 11. Calculate m(-12).
35
Let i(v) = 328*v - 2012. Determine i(6).
-44
Let i(g) = g**3 + 20*g**2 + 42*g - 217. What is i(-5)?
-52
Let q(f) = -f**3 + 31*f + 24. Give q(-5).
-6
Let v(p) = 92*p - 2585. Determine v(26).
-193
Let z(n) = -n**3 - 195*n**2 + 192*n - 752. Determine z(-196).
32
Let f(t) = -2*t**3 - 37*t**2 - 175*t - 114. Calculate f(-11).
-4
Let v(q) = 9*q**3 - 1387*q**2 + 155*q - 173. What is v(154)?
-19
Let i(h) = 5*h**3 - 2*h**2 - 201*h - 198. What is i(-1)?
-4
Let n(q) = -q**3 + 2*q**2 + 3*q + 1. Give n(-2).
11
Let a(r) = -14*r + 8. Calculate a(-15).
218
Let t(m) = -m**2 - 85*m - 1375. Determine t(-63).
11
Let q(i) = -27*i**3 + 2*i**2 + 9*i + 5. Calculate q(-2).
211
Let x(r) = -7*r**2 - 191*r - 1239. Calculate x(-10).
-29
Let s(h) = 46*h + 165. What is s(-8)?
-203
Let y(s) = -29*s + 453. What is y(16)?
-11
Let i(n) = 2*n**2 - 10*n - 613. Calculate i(21).
59
Let o(n) = n**2 - 15*n - 770. Give o(36).
-14
Let n(b) = -b**3 - 48*b**2 + 208*b - 13. Determine n(-52).
-13
Let b(d) = 136*d + 281. Determine b(0).
281
Let k(d) = -7*d**2 - 8*d + 12. Give k(0).
12
Let c(p) = 2*p**3 - 2*p**2 + 6*p + 15. Calculate c(-2).
-21
Let o(z) = 39*z - 111. What is o(3)?
6
Let w(v) = 13*v**3 - 257*v**2 - 64*v + 50. Give w(20).
-30
Let b(f) = 4*f**3 + 31*f**2 + 37*f - 44. Give b(-6).
-14
Let i(y) = -92*y - 5. What is i(-2)?
179
Let z(d) = d**2 - 46*d - 20. Calculate z(47).
27
Let g(m) = -2*m**2 - 20*m + 170. Give g(-22).
-358
Let l(q) = 2*q**3 + 4*q**2 - 42*q - 198. Calculate l(-5).
-138
Let x(i) = -53*i**2 + 586*i - 30. Calculate x(11).
3
Let s(v) = v**3 - 17*v**2 + 25*v - 48. Calculate s(16).
96
Let z(b) = b**3 + 61*b**2 - 16*b - 278. Determine z(-61).
698
Let s(n) = n**2 - 267*n + 10348. Calculate s(47).
8
Let t(x) = -123*x - 1943. Give t(-16).
25
Let p(j) = 2*j**2 - 790. What is p(24)?
362
Let b(t) = -18*t**2 + 37*t + 51. Give b(-1).
-4
Let q(p) = 3*p + 90. Calculate q(-28).
6
Let j(k) = 72*k + 638. What is j(-9)?
-10
Let q(f) = 15*f + 152. What is q(-13)?
-43
Let y(u) = 4*u**3 - 63*u**2 - 97*u + 1296. Determine y(16).
0
Let h(s) = 9*s - 223. Calculate h(22).
-25
Let m(b) = -b**2 + 18*b + 72. What is m(30)?
-288
Let u(g) = 23*g - 310. What is u(13)?
-11
Let m(v) = v**3 + 7*v**2 - 8*v - 49. Calculate m(-3).
11
Let q(l) = -19*l**2 - 152*l - 285. Determine q(-5).
0
Let w(c) = -c**3 + 38*c**2 - 32*c + 26. What is w(37)?
211
Let u(d) = d**3 + 2*d**2 - 21*d - 50. What is u(-5)?
-20
Let b(o) = -o**3 + 33*o**2 - 148*o - 582. What is b(9)?
30
Let s(b) = b**3 - 5*b**2 - 43*b + 233. Calculate s(8).
81
Let i(q) = 3*q**2 + 33*q - 341. Determine i(7).
37
Let c(j) = -6*j**2 + 1068*j + 1079. Give c(179).
5
Let q(v) = 228*v + 922. What is q(-4)?
10
Let m(o) = -25*o + 154. What is m(6)?
4
Let m(c) = -c**2 - 34*c + 2738. Give m(-72).
2
Let m(x) = x**3 - 10*x**2 + 17*x + 3. What is m(7)?
-25
Let d(k) = 2*k**2 - 97*k + 64. Calculate d(48).
16
Let l(b) = 4*b**2 - 4*b - 101. Calculate l(0).
-101
Let y(u) = -u**3 - 9*u**2 - 23*u - 19. Determine y(-6).
11
Let p(g) = -g**2 - 207*g - 8829. Calculate p(-60).
-9
Let g(s) = -16*s - 944. What is g(-61)?
32
Let h(m) = -4*m**2 - 5*m. Calculate h(3).
-51
Let d(r) = -46*r**2 - 6*r - 7. Determine d(-2).
-179
Let l(m) = 10*m - 71. Give l(4).
-31
Let f(y) = 3*y - 51. Calculate f(-6).
-69
Let m(z) = 4007*z - 3999. What is m(1)?
8
Let d(b) = -3*b**2 + 241*b - 1732. What is d(8)?
4
Let g(b) = 54*b - 165. Calculate g(6).
159
Let j(i) = i**3 + 12*i**2 + i - 17. Give j(-9).
217
Let m(l) = -8*l + 1. Calculate m(-3).
25
Let u(w) = w**2 - 107*w - 1056. Determine u(-9).
-12
Let z(f) = -42*f**2 + 29*f + 80. Calculate z(-3).
-385
Let a(i) = 4*i - 281. What is a(46)?
-97
Let y(k) = -25*k + 104. Give y(7).
-71
Let t(h) = 3*h**2 + 50*h + 53. Calculate t(-16).
21
Let h(a) = a**2 - 185*a - 2983. Determine h(-15).
17
Let c(q) = -128*q + 22764. What is c(178)?
-20
Let h(t) = t**3 + 10*t**2 - 8*t - 17. Give h(-12).
-209
Let h(b) = -137*b + 655. Determine h(5).
-30
Let k(i) = -11*i**3 + 99*i**2 + 81*i - 728. What is k(9)?
1
Let v(s) = -s**3 - 12*s**2 - 30*s - 344. Give v(-12).
16
Let z(p) = -218*p - 872. Calculate z(-4).
0
Let l(m) = -9266*m + 37057. Calculate l(4).
-7
Let s(n) = n**3 + 18*n**2 + 29*n - 14. Determine s(-16).
34
Let a(s) = 142*s + 119. Determine a(0).
119
Let z(f) = -3*f**3 + 30*f**2 + 2*f - 92. Calculate z(10).
-72
Let n(y) = -29349*y + 58697. Give n(2).
-1
Let u(k) = -173*k + 1554. Give u(10).
-176
Let x(s) = 40*s**3 + 1121*s**2 + 28*s - 3. Give x(-28).
-3
Let t(i) = 250*i + 2994. Give t(-12).
-6
Let w(g) = -g**3 - 30*g**2 - 62*g - 3. Give w(-28).
165
Let q(g) = -2*g**3 - 8*g**2 + 38*g + 17. Det